{"id":894,"date":"2022-03-03T06:30:54","date_gmt":"2022-03-03T06:30:54","guid":{"rendered":"http:\/\/upn141.edu.mx\/?page_id=894"},"modified":"2024-03-22T18:36:15","modified_gmt":"2024-03-22T18:36:15","slug":"elementor-894","status":"publish","type":"page","link":"https:\/\/upn141.edu.mx\/index.php\/elementor-894\/","title":{"rendered":"Licenciaturas"},"content":{"rendered":"\t\t<div data-elementor-type=\"wp-page\" data-elementor-id=\"894\" class=\"elementor elementor-894\" data-elementor-post-type=\"page\">\n\t\t\t\t\t\t<section class=\"elementor-section elementor-top-section elementor-element elementor-element-ce75880 elementor-section-boxed elementor-section-height-default elementor-section-height-default\" data-id=\"ce75880\" data-element_type=\"section\">\n\t\t\t\t\t\t<div class=\"elementor-container elementor-column-gap-default\">\n\t\t\t\t\t<div class=\"elementor-column elementor-col-100 elementor-top-column elementor-element elementor-element-3cda6e2\" data-id=\"3cda6e2\" data-element_type=\"column\">\n\t\t\t<div class=\"elementor-widget-wrap elementor-element-populated\">\n\t\t\t\t\t\t<div class=\"elementor-element elementor-element-b0c7251 elementor-widget elementor-widget-heading\" data-id=\"b0c7251\" data-element_type=\"widget\" data-widget_type=\"heading.default\">\n\t\t\t\t<div class=\"elementor-widget-container\">\n\t\t\t<h2 class=\"elementor-heading-title elementor-size-default\">Licenciaturas<\/h2>\t\t<\/div>\n\t\t\t\t<\/div>\n\t\t\t\t\t<\/div>\n\t\t<\/div>\n\t\t\t\t\t<\/div>\n\t\t<\/section>\n\t\t\t\t<section class=\"elementor-section elementor-top-section elementor-element elementor-element-2b339ef elementor-section-boxed elementor-section-height-default elementor-section-height-default\" data-id=\"2b339ef\" data-element_type=\"section\">\n\t\t\t\t\t\t<div class=\"elementor-container elementor-column-gap-default\">\n\t\t\t\t\t<div class=\"elementor-column elementor-col-100 elementor-top-column elementor-element elementor-element-ef87d1e\" data-id=\"ef87d1e\" data-element_type=\"column\">\n\t\t\t<div class=\"elementor-widget-wrap elementor-element-populated\">\n\t\t\t\t\t\t<div class=\"elementor-element elementor-element-2f6bc03 elementor-widget elementor-widget-text-editor\" data-id=\"2f6bc03\" data-element_type=\"widget\" data-widget_type=\"text-editor.default\">\n\t\t\t\t<div class=\"elementor-widget-container\">\n\t\t\t\t\t\t\t<p>En la Universidad Pedag\u00f3gica Nacional 141 Guadalajara, creemos firmemente en el poder transformador de la educaci\u00f3n. Nuestra misi\u00f3n es formar profesionales de la educaci\u00f3n capaces de enfrentar los retos contempor\u00e1neos con una visi\u00f3n cr\u00edtica, creativa y comprometida. En este esp\u00edritu, ofrecemos programas de licenciatura dise\u00f1ados para preparar a la pr\u00f3xima generaci\u00f3n de educadores, investigadores y l\u00edderes en el \u00e1mbito pedag\u00f3gico.<\/p>\t\t\t\t\t\t<\/div>\n\t\t\t\t<\/div>\n\t\t\t\t\t<\/div>\n\t\t<\/div>\n\t\t\t\t\t<\/div>\n\t\t<\/section>\n\t\t\t\t<section class=\"elementor-section elementor-top-section elementor-element elementor-element-f51c881 elementor-section-boxed elementor-section-height-default elementor-section-height-default\" data-id=\"f51c881\" data-element_type=\"section\">\n\t\t\t\t\t\t<div class=\"elementor-container elementor-column-gap-default\">\n\t\t\t\t\t<div class=\"elementor-column elementor-col-50 elementor-top-column elementor-element elementor-element-5c06f48\" data-id=\"5c06f48\" data-element_type=\"column\">\n\t\t\t<div class=\"elementor-widget-wrap elementor-element-populated\">\n\t\t\t\t\t\t<div class=\"elementor-element elementor-element-fb42bd2 elementor-widget elementor-widget-text-editor\" data-id=\"fb42bd2\" data-element_type=\"widget\" data-widget_type=\"text-editor.default\">\n\t\t\t\t<div class=\"elementor-widget-container\">\n\t\t\t\t\t\t\t<h4>Presenciales.<\/h4><div><ul><li><a href=\"http:\/\/upn141.edu.mx\/index.php\/lic-pedagogia\/\">Licenciatura en Pedagog\u00eda.<\/a><\/li><\/ul><p style=\"padding-left: 40px;\">Este programa est\u00e1 orientado a formar pedagogos con una s\u00f3lida base te\u00f3rica y pr\u00e1ctica, preparados para innovar en el campo educativo y contribuir al desarrollo de propuestas pedag\u00f3gicas que respondan a las necesidades de una sociedad en constante cambio. Nuestros estudiantes adquieren las herramientas necesarias para analizar, investigar y proponer soluciones a los desaf\u00edos educativos, promoviendo la equidad, la inclusi\u00f3n y la calidad en los procesos de ense\u00f1anza-aprendizaje.<\/p><\/div>\t\t\t\t\t\t<\/div>\n\t\t\t\t<\/div>\n\t\t\t\t\t<\/div>\n\t\t<\/div>\n\t\t\t\t<div class=\"elementor-column elementor-col-50 elementor-top-column elementor-element elementor-element-c4b31ed\" data-id=\"c4b31ed\" data-element_type=\"column\">\n\t\t\t<div class=\"elementor-widget-wrap elementor-element-populated\">\n\t\t\t\t\t\t<div class=\"elementor-element elementor-element-ce3b673 elementor-widget elementor-widget-text-editor\" data-id=\"ce3b673\" data-element_type=\"widget\" data-widget_type=\"text-editor.default\">\n\t\t\t\t<div class=\"elementor-widget-container\">\n\t\t\t\t\t\t\t<h4>En l\u00ednea.<\/h4><ul><li><a href=\"http:\/\/upn141.edu.mx\/index.php\/lic-nivelacion\">Programa de Nivelaci\u00f3n para Docentes en Servicio.<\/a><\/li><\/ul><p style=\"padding-left: 40px;\">Reconociendo la importancia de la actualizaci\u00f3n y el perfeccionamiento continuo de los profesionales de la educaci\u00f3n, este programa est\u00e1 dise\u00f1ado para docentes en activo que buscan enriquecer su pr\u00e1ctica educativa y profundizar sus conocimientos en \u00e1reas clave de la pedagog\u00eda y la did\u00e1ctica. A trav\u00e9s de un enfoque flexible y adaptado a las necesidades de los docentes en servicio, este programa ofrece una oportunidad \u00fanica para el desarrollo profesional, la reflexi\u00f3n cr\u00edtica y la innovaci\u00f3n en el aula.<\/p>\t\t\t\t\t\t<\/div>\n\t\t\t\t<\/div>\n\t\t\t\t\t<\/div>\n\t\t<\/div>\n\t\t\t\t\t<\/div>\n\t\t<\/section>\n\t\t\t\t<section class=\"elementor-section elementor-top-section elementor-element elementor-element-83711ae elementor-section-boxed elementor-section-height-default elementor-section-height-default\" data-id=\"83711ae\" data-element_type=\"section\">\n\t\t\t\t\t\t<div class=\"elementor-container elementor-column-gap-default\">\n\t\t\t\t\t<div class=\"elementor-column elementor-col-100 elementor-top-column elementor-element elementor-element-5115b9f\" data-id=\"5115b9f\" data-element_type=\"column\">\n\t\t\t<div class=\"elementor-widget-wrap elementor-element-populated\">\n\t\t\t\t\t\t<div class=\"elementor-element elementor-element-c0b544d elementor-widget elementor-widget-text-editor\" data-id=\"c0b544d\" data-element_type=\"widget\" data-widget_type=\"text-editor.default\">\n\t\t\t\t<div class=\"elementor-widget-container\">\n\t\t\t\t\t\t\t<p>En la UPN 141, cada programa acad\u00e9mico se fundamenta en los valores de responsabilidad social, compromiso con la educaci\u00f3n p\u00fablica y la promoci\u00f3n de una convivencia democr\u00e1tica. Nuestra oferta educativa est\u00e1 dise\u00f1ada para responder a las demandas emergentes del campo educativo, preparando a nuestros egresados para liderar con \u00e9xito los procesos de cambio y mejoramiento de la educaci\u00f3n en M\u00e9xico y m\u00e1s all\u00e1.<\/p><p>Te invitamos a explorar nuestros programas de licenciatura y a unirte a nuestra comunidad de aprendizaje, donde la pasi\u00f3n por la educaci\u00f3n nos impulsa a innovar, investigar y transformar. \u00a1Descubre c\u00f3mo puedes contribuir a la creaci\u00f3n de un futuro educativo m\u00e1s justo, inclusivo y de calidad para todos!<\/p>\t\t\t\t\t\t<\/div>\n\t\t\t\t<\/div>\n\t\t\t\t\t<\/div>\n\t\t<\/div>\n\t\t\t\t\t<\/div>\n\t\t<\/section>\n\t\t\t\t<\/div>\n\t\t","protected":false},"excerpt":{"rendered":"<p>Licenciaturas En la Universidad Pedag\u00f3gica Nacional 141 Guadalajara, creemos firmemente en el poder transformador de la educaci\u00f3n. Nuestra misi\u00f3n es formar profesionales de la educaci\u00f3n capaces de enfrentar los retos contempor\u00e1neos con una visi\u00f3n cr\u00edtica, creativa y comprometida. En este esp\u00edritu, ofrecemos programas de licenciatura dise\u00f1ados para preparar a la pr\u00f3xima generaci\u00f3n de educadores, investigadores [&hellip;]<\/p>\n","protected":false},"author":1,"featured_media":0,"parent":0,"menu_order":0,"comment_status":"closed","ping_status":"closed","template":"elementor_header_footer","meta":{"footnotes":""},"_links":{"self":[{"href":"https:\/\/upn141.edu.mx\/index.php\/wp-json\/wp\/v2\/pages\/894"}],"collection":[{"href":"https:\/\/upn141.edu.mx\/index.php\/wp-json\/wp\/v2\/pages"}],"about":[{"href":"https:\/\/upn141.edu.mx\/index.php\/wp-json\/wp\/v2\/types\/page"}],"author":[{"embeddable":true,"href":"https:\/\/upn141.edu.mx\/index.php\/wp-json\/wp\/v2\/users\/1"}],"replies":[{"embeddable":true,"href":"https:\/\/upn141.edu.mx\/index.php\/wp-json\/wp\/v2\/comments?post=894"}],"version-history":[{"count":13,"href":"https:\/\/upn141.edu.mx\/index.php\/wp-json\/wp\/v2\/pages\/894\/revisions"}],"predecessor-version":[{"id":1324,"href":"https:\/\/upn141.edu.mx\/index.php\/wp-json\/wp\/v2\/pages\/894\/revisions\/1324"}],"wp:attachment":[{"href":"https:\/\/upn141.edu.mx\/index.php\/wp-json\/wp\/v2\/media?parent=894"}],"curies":[{"name":"wp","href":"https:\/\/api.w.org\/{rel}","templated":true}]}}