{"id":901,"date":"2022-03-03T06:41:33","date_gmt":"2022-03-03T06:41:33","guid":{"rendered":"http:\/\/upn141.edu.mx\/?page_id=901"},"modified":"2024-03-22T18:27:36","modified_gmt":"2024-03-22T18:27:36","slug":"maestrias","status":"publish","type":"page","link":"http:\/\/upn141.edu.mx\/index.php\/maestrias\/","title":{"rendered":"Maestr\u00edas."},"content":{"rendered":"\t\t<div data-elementor-type=\"wp-page\" data-elementor-id=\"901\" class=\"elementor elementor-901\" data-elementor-post-type=\"page\">\n\t\t\t\t\t\t<section class=\"elementor-section elementor-top-section elementor-element elementor-element-1b5b9ca elementor-section-boxed elementor-section-height-default elementor-section-height-default\" data-id=\"1b5b9ca\" data-element_type=\"section\">\n\t\t\t\t\t\t<div class=\"elementor-container elementor-column-gap-default\">\n\t\t\t\t\t<div class=\"elementor-column elementor-col-100 elementor-top-column elementor-element elementor-element-ce4e5f3\" data-id=\"ce4e5f3\" data-element_type=\"column\">\n\t\t\t<div class=\"elementor-widget-wrap elementor-element-populated\">\n\t\t\t\t\t\t<div class=\"elementor-element elementor-element-8f7be19 elementor-widget elementor-widget-heading\" data-id=\"8f7be19\" data-element_type=\"widget\" data-widget_type=\"heading.default\">\n\t\t\t\t<div class=\"elementor-widget-container\">\n\t\t\t<h2 class=\"elementor-heading-title elementor-size-default\">Maestr\u00edas.<\/h2>\t\t<\/div>\n\t\t\t\t<\/div>\n\t\t\t\t\t<\/div>\n\t\t<\/div>\n\t\t\t\t\t<\/div>\n\t\t<\/section>\n\t\t\t\t<section class=\"elementor-section elementor-top-section elementor-element elementor-element-6f62d5a elementor-section-boxed elementor-section-height-default elementor-section-height-default\" data-id=\"6f62d5a\" data-element_type=\"section\">\n\t\t\t\t\t\t<div class=\"elementor-container elementor-column-gap-default\">\n\t\t\t\t\t<div class=\"elementor-column elementor-col-100 elementor-top-column elementor-element elementor-element-ef48343\" data-id=\"ef48343\" data-element_type=\"column\">\n\t\t\t<div class=\"elementor-widget-wrap elementor-element-populated\">\n\t\t\t\t\t\t<div class=\"elementor-element elementor-element-8302740 elementor-widget elementor-widget-text-editor\" data-id=\"8302740\" data-element_type=\"widget\" data-widget_type=\"text-editor.default\">\n\t\t\t\t<div class=\"elementor-widget-container\">\n\t\t\t\t\t\t\t<div data-id=\"d613ae7\" data-element_type=\"widget\" data-widget_type=\"text-editor.default\"><div><div><p>En la Universidad Pedag\u00f3gica Nacional 141 Guadalajara, nos enorgullece ofrecer <strong>programas de posgrado<\/strong> dise\u00f1ados para atender las necesidades emergentes en el campo de la educaci\u00f3n, respondiendo a los desaf\u00edos del siglo XXI con una visi\u00f3n cr\u00edtica, innovadora y comprometida con el desarrollo social. Nuestras maestr\u00edas est\u00e1n orientadas a formar l\u00edderes y especialistas capaces de generar cambios significativos en los diferentes niveles educativos y \u00e1mbitos sociales.<\/p><ul><li><h4><span style=\"background-color: transparent;\"><a href=\"http:\/\/upn141.edu.mx\/index.php\/mas-educacion\/\">Maestr\u00eda en Educaci\u00f3n<\/a>.\u00a0<\/span><\/h4><\/li><\/ul><p style=\"padding-left: 40px;\">Dirigida a profesionales que buscan liderar la transformaci\u00f3n educativa a trav\u00e9s de la innovaci\u00f3n pedag\u00f3gica y el desarrollo de proyectos de investigaci\u00f3n relevantes, este programa promueve una visi\u00f3n integral de la educaci\u00f3n en diversos contextos.<\/p><ul><li><h4><a href=\"http:\/\/upn141.edu.mx\/index.php\/mas-educacion-basica\/\">Maestr\u00eda en Educaci\u00f3n B\u00e1sica<\/a>.<\/h4><\/li><\/ul><p style=\"padding-left: 40px;\">Con un enfoque espec\u00edfico en los retos y oportunidades del primer nivel de ense\u00f1anza, este programa est\u00e1 dise\u00f1ado para formar educadores y gestores educativos que promuevan pr\u00e1cticas pedag\u00f3gicas de vanguardia, centradas en el estudiante y adaptadas a las necesidades actuales de la sociedad.<\/p><ul><li><h4><a href=\"http:\/\/upn141.edu.mx\/index.php\/mas-educacion-media-superior\/\">Maestr\u00eda en Educaci\u00f3n Media Superior<\/a>.<\/h4><\/li><\/ul><p style=\"padding-left: 40px;\">Este programa se enfoca en atender las particularidades de la educaci\u00f3n media superior, preparando a los profesionales para enfrentar los desaf\u00edos de este nivel educativo mediante la aplicaci\u00f3n de metodolog\u00edas innovadoras y el desarrollo de competencias cr\u00edticas en los estudiantes.<\/p><ul><li><h4><a href=\"http:\/\/upn141.edu.mx\/index.php\/mas-estudios-de-genero-sociedad-y-cultura\/\">Maestr\u00eda en Estudios en G\u00e9nero, Sociedad y Cultura<\/a>.<\/h4><\/li><\/ul><p style=\"padding-left: 40px;\">Reconociendo la importancia de la perspectiva de g\u00e9nero en la educaci\u00f3n y en el desarrollo social, este programa ofrece herramientas te\u00f3ricas y pr\u00e1cticas para analizar y actuar sobre las intersecciones entre g\u00e9nero, sociedad y cultura, promoviendo la equidad y la inclusi\u00f3n en todos los \u00e1mbitos educativos y sociales.<\/p><p>Cada uno de nuestros programas de maestr\u00eda est\u00e1 fundamentado en los principios de calidad acad\u00e9mica, responsabilidad social y compromiso con la educaci\u00f3n p\u00fablica. A trav\u00e9s de una rigurosa formaci\u00f3n te\u00f3rica y pr\u00e1ctica, proporcionamos a nuestros estudiantes las competencias necesarias para liderar la transformaci\u00f3n educativa y social desde sus respectivos campos de acci\u00f3n.<\/p><p>\u00a0<\/p><\/div><\/div><\/div>\t\t\t\t\t\t<\/div>\n\t\t\t\t<\/div>\n\t\t\t\t\t<\/div>\n\t\t<\/div>\n\t\t\t\t\t<\/div>\n\t\t<\/section>\n\t\t\t\t<\/div>\n\t\t","protected":false},"excerpt":{"rendered":"<p>Maestr\u00edas. En la Universidad Pedag\u00f3gica Nacional 141 Guadalajara, nos enorgullece ofrecer programas de posgrado dise\u00f1ados para atender las necesidades emergentes en el campo de la educaci\u00f3n, respondiendo a los desaf\u00edos del siglo XXI con una visi\u00f3n cr\u00edtica, innovadora y comprometida con el desarrollo social. Nuestras maestr\u00edas est\u00e1n orientadas a formar l\u00edderes y especialistas capaces de [&hellip;]<\/p>\n","protected":false},"author":1,"featured_media":0,"parent":0,"menu_order":0,"comment_status":"closed","ping_status":"closed","template":"elementor_header_footer","meta":{"footnotes":""},"_links":{"self":[{"href":"http:\/\/upn141.edu.mx\/index.php\/wp-json\/wp\/v2\/pages\/901"}],"collection":[{"href":"http:\/\/upn141.edu.mx\/index.php\/wp-json\/wp\/v2\/pages"}],"about":[{"href":"http:\/\/upn141.edu.mx\/index.php\/wp-json\/wp\/v2\/types\/page"}],"author":[{"embeddable":true,"href":"http:\/\/upn141.edu.mx\/index.php\/wp-json\/wp\/v2\/users\/1"}],"replies":[{"embeddable":true,"href":"http:\/\/upn141.edu.mx\/index.php\/wp-json\/wp\/v2\/comments?post=901"}],"version-history":[{"count":6,"href":"http:\/\/upn141.edu.mx\/index.php\/wp-json\/wp\/v2\/pages\/901\/revisions"}],"predecessor-version":[{"id":1321,"href":"http:\/\/upn141.edu.mx\/index.php\/wp-json\/wp\/v2\/pages\/901\/revisions\/1321"}],"wp:attachment":[{"href":"http:\/\/upn141.edu.mx\/index.php\/wp-json\/wp\/v2\/media?parent=901"}],"curies":[{"name":"wp","href":"https:\/\/api.w.org\/{rel}","templated":true}]}}